 s = -96 + 433. Let k = s - 238. What is the remainder when k is divided by q?
24
Suppose -4*t + 3*t + 66 = 5*o, 2*t = 2*o + 168. What is the remainder when 238 is divided by t?
76
Suppose 4*t + 235 = 5*w, 3*w + 5*t - 147 = -w. Suppose 20 = j - 4*n, n = -45*j + 40*j + 58. Calculate the remainder when w is divided by j.
7
Let a = 64 + -24. Let x = a + 132. Suppose x + 5 = 3*i. What is the remainder when i is divided by 15?
14
Let b be (8/(-16) + 1/2)/(-1). Suppose b = 3*c + 45 - 237. Calculate the remainder when c is divided by 17.
13
Suppose -83*o - 6*o = -99235. Calculate the remainder when o is divided by 26.
23
Suppose -8*l + 29 = -219. What is the remainder when 444 is divided by l?
10
Suppose -3*o + 250 + 611 = 0. Calculate the remainder when o is divided by 36.
35
Let q = -122 - -177. What is the remainder when q is divided by 14?
13
Let g(q) = q**2 - 2*q - 95. What is the remainder when g(17) is divided by 75?
10
Suppose 2*u = -o + 3*o + 44, u - 4*o - 28 = 0. What is the remainder when 177 is divided by u?
17
Let l(q) = -49*q - 1. Let y be l(1). Let u = 301 + -321. What is the remainder when u/6*240/y is divided by 9?
7
Let r(t) = 7*t - 101. What is the remainder when 174 is divided by r(18)?
24
Suppose -3*j + 0*j + 12 = 0. Let a be 21/j*(-1 - -5). Calculate the remainder when 53 is divided by a/(-2)*36/(-27).
11
Let j(x) = -x**3 + x**2 + 3*x + 1. Let o be j(2). Suppose -o*m = 44 - 200. Let w(l) = 3*l - 1. What is the remainder when m is divided by w(5)?
10
Suppose 225 = 5*n - z, 4*n = -3*z + 5*z + 186. Let a = -3378 - -3552. Calculate the remainder when a is divided by n.
42
Suppose 22*n - 3*n - 17613 = 0. What is the remainder when n is divided by 58?
57
Let p = -5 + -14. Let v = -10 - p. What is the remainder when 17 is divided by v?
8
Let n(k) = 6*k - 3. Let p be (-2)/7 - 69/(-21). Let c = 168 + -159. Calculate the remainder when n(p) is divided by c.
6
Let g be (-12)/28 + (-202)/(-14). Let l be 3 - (1 - (2 - -1)). Suppose -4*x = l*m - 70, m - 4*x - g = -x. What is the remainder when 53 is divided by m?
11
Let m be (-1 - -5)*(-6)/12*4. Suppose 3*x - 6*x = -114. Let u = x - m. What is the remainder when u is divided by 12?
10
Let s be 3 + (-3 - 6/(-2)). What is the remainder when (s/(-15))/((-4)/740) is divided by 19?
18
Suppose 0 = 2*y + 3*b - 126, -16*y + 63 = -15*y + 5*b. Calculate the remainder when y is divided by 15.
3
Suppose 4*g = -2*w - 2*w - 184, 5*w = 4*g - 194. Let f = 80 + w. Let l = -6 - -19. What is the remainder when f is divided by l?
12
Let f(x) = 18*x**2 - 3*x + 1. What is the remainder when f(2) is divided by (5 - 9)*(-4)/(16/14)?
11
Suppose 0 = 4*w - 40 - 32. Suppose -5*z - 337 = 4*r - 67, z - r = -63. Let a = 10 - z. Calculate the remainder when a is divided by w.
14
Let z = -10 - -3. Calculate the remainder when 28 is divided by -10*(z/(-5) - 3).
12
Suppose -8 = -2*x - 0. Suppose 3*w - l = 42, x*w + 3*l - 4*l - 55 = 0. Calculate the remainder when 22 is divided by w.
9
Let k(f) = -5*f**3 - 3*f**2 - f + 1. Let o be k(-1). Suppose 364 = -o*u + 17*u. What is the remainder when 80 is divided by u?
24
Let q be 5 - ((-1 - -4) + -3). Let u be ((-4)/q)/(-2)*-50. Let c = u + 42. What is the remainder when c is divided by 6?
4
Let o = 45 - 38. Let a(v) = v**2 + 4*v - 2. Let f be a(-5). Suppose 31 = n - 4*q, -2*q - f*q = -3*n + 72. Calculate the remainder when n is divided by o.
5
Let p = -49 - -37. Let i be (-17)/(-3) - 4/p. What is the remainder when i - 5 - -27*1 is divided by 16?
12
Suppose 4 = -2*j + 10. Calculate the remainder when 53 is divided by j.
2
Let m(g) = 28*g + 54*g - 36*g. Calculate the remainder when m(3) is divided by 20.
18
Calculate the remainder when 1/3 + 16/(-3) - -63 is divided by 30.
28
Let t(z) = -2*z - 1. Let f be t(0). Let r = f + 7. Suppose 4*g = 20, -2*y + 9 = g - r. What is the remainder when 7 is divided by y?
2
Suppose 2*j = 41 + 187. Suppose 3*o = -2*c + j, -5*c + 5*o - o + 262 = 0. Suppose -6*h = -4*h - c. Calculate the remainder when h is divided by 7.
6
Suppose 0*n + 3*n = 15. Suppose 3*a - 184 = -5*p, n*p = -0*p + a + 192. What is the remainder when 113 is divided by p?
37
Suppose 16*m + 70 = 6*m. Calculate the remainder when 47 is divided by 3 + -2 - 63/m.
7
Let b(o) = 2*o**2 + 14*o + 51. Let t be -1*1/(-2)*0. Calculate the remainder when b(-7) is divided by 12 + 1 - t/5.
12
Suppose -3*g + 119 = 2*j, 0 = 2*j - 3*j - 3*g + 61. Calculate the remainder when 167 is divided by j.
51
Suppose -2*o + 240 = 5*h, -4*o - 23*h + 18*h + 470 = 0. Calculate the remainder when o is divided by 9.
7
Suppose 26 = 2*a - 18. Let z = -6 + a. Calculate the remainder when (9/4)/(1/28) is divided by z.
15
Suppose 11 = 3*f + 4*s, -5*s = 3*f - 2*s - 15. Suppose 207 = -8*k + f*k. Let w = k + -143. Calculate the remainder when w is divided by 11.
9
Let k = 7 - 4. Suppose 2*l = 2*f + 7*l - 16, 5*l - 1 = 3*f. Let t(y) = -y**2 + 7*y. Calculate the remainder when t(f) is divided by k.
0
Suppose -9*g + 4*g = -35. Let u(n) = n**2 + 6*n - 3. Calculate the remainder when u(g) is divided by 23.
19
Let a be (-6)/9*-12 + -4. Suppose a*y = 3*y + 52. What is the remainder when y is divided by 14?
10
Suppose -23 - 5 = -r. Suppose p - 122 = -p - 4*j, 5*j - 15 = 0. What is the remainder when p is divided by r?
27
Let j(x) = -2*x**2 + 27*x + 3. Let i(v) = -6*v**2 + 81*v + 8. Let s(o) = 2*i(o) - 7*j(o). Calculate the remainder when 41 is divided by s(14).
5
Suppose 4*d = q - 1, q + 3*d + 2 = 31. What is the remainder when 36 is divided by q?
2
Suppose -i = 5*i - 132. Suppose -20 = 2*s - 3*b, 4*s - 2*b - 2 = -26. What is the remainder when i is divided by s + 1*(1 - -11)?
6
Suppose 3*p - 3 = -f + 1, 2*f + 4*p - 16 = 0. Calculate the remainder when (-220)/8*f/(-10) is divided by 9.
8
Suppose -6 = -0*c - 2*c + 4*q, 0 = -4*c - q + 30. Let p = 54 + -35. Calculate the remainder when p is divided by c.
5
Let s(l) = 5*l**2 + 4*l - 5. Let n = 83 - 82. What is the remainder when 5 is divided by s(n)?
1
Suppose -h - 10*v + 9*v = -17, 4*h - 5*v - 95 = 0. What is the remainder when 179 is divided by h?
19
Let t = 345 - 239. Suppose t = 5*m - 99. Suppose 19 = 2*l + 4*u - 9, 4*u + 104 = 4*l. Calculate the remainder when m is divided by l.
19
Suppose 4*a + 2*u - 263 + 9 = 0, -4*u = -a + 59. Let h = -49 + a. Suppose -s + 0 = -55. What is the remainder when s is divided by h?
13
Suppose 0 = -5*h + u + 339, -6*h + 2*h + 252 = 4*u. Suppose 6*j = 8*j. What is the remainder when h is divided by (-7 - -5) + 12 + j?
7
Suppose 3*n = 2*a + a - 33, 4*n = 5*a - 49. Let v = -6 - n. Let k(w) = w + 10. Calculate the remainder when 26 is divided by k(v).
6
Let u = 450 - 445. Calculate the remainder when 154 is divided by u.
4
Let r(o) = 9*o**3 - 10*o**2 - 5*o + 21. Let k(q) = -5*q**3 + 5*q**2 + 2*q - 11. Let t(f) = 5*k(f) + 3*r(f). Calculate the remainder when t(4) is divided by 3.
0
Let p = 610 - 439. Calculate the remainder when p is divided by 91.
80
Let a = -12 - -14. Let f(d) = -4*d - 16. Calculate the remainder when (35/15)/(a/30) is divided by f(-7).
11
Let f = -32 - -32. Suppose 26 - 6 = -5*u, f = -3*j - 5*u + 265. What is the remainder when j is divided by 14?
11
Suppose 2*g - 183 = -g - 4*i, 0 = 4*g + i - 244. Let p(b) = -4 - b + 10*b**2 + 0*b**2 + b**3 - b. What is the remainder when g is divided by p(-10)?
13
Suppose 5*c - 228 = 207. Let y = -78 + c. Suppose 2*m + 2*m - 136 = 0. What is the remainder when m is divided by y?
7
Suppose 4*g + 12 = -20. Let l = -525 + 530. What is the remainder when (g - (1 - 0))/(-1) is divided by l?
4
Let b(f) = f**3 - 4*f**2 - f + 3. Let d be b(3). Let u = 9 + d. Suppose 2*t + v - 23 = -u*t, -5*v + 5 = 0. Calculate the remainder when 29 is divided by t.
7
Suppose 2*j - 3*y = 90, j = -2*y + 3*y + 43. Let h(s) = 42*s**2 + 2*s - 10. What is the remainder when h(-2) is divided by j?
37
Suppose 0 = 5*a + 10 - 120. Let f = -10 + a. Let j = -128 - -163. What is the remainder when j is divided by f?
11
Let s(l) = -l**3 + 23*l**2 + 26*l - 3. What is the remainder when 98 is divided by s(24)?
8
Suppose -26*j + 1779 + 3785 = 0. Calculate the remainder when j is divided by 36.
34
Let b(a) = -a**2 - 10*a - 7. Let s be b(-6). Let t(x) = -10*x - 10. Let c be t(-3). Let h = c - s. Calculate the remainder when 8 is divided by h